0) to base 11.
-6
2 (base 11) to base 15
2
What is -76 (base 11) in base 10?
-83
-5 (base 6) to base 8
-5
Convert 33 (base 6) to base 13.
18
324 (base 5) to base 2
1011001
-124 (base 6) to base 2
-110100
Convert -c7 (base 14) to base 11.
-14a
Convert -13 (base 7) to base 10.
-10
10 (base 14) to base 15
e
Convert -180 (base 11) to base 12.
-155
What is 145 (base 6) in base 16?
41
What is -332 (base 4) in base 9?
-68
Convert -52 (base 7) to base 9.
-41
What is 111001 (base 2) in base 5?
212
What is -22 (base 3) in base 2?
-1000
-1 (base 4) to base 3
-1
16 (base 8) to base 15
e
27 (base 15) to base 12
31
What is -11001 (base 2) in base 16?
-19
Convert 111 (base 6) to base 12.
37
Convert 2 (base 11) to base 9.
2
Convert -1534 (base 6) to base 4.
-12202
Convert -6 (base 10) to base 2.
-110
-11 (base 10) to base 3
-102
3 (base 11) to base 7
3
Convert 3 (base 4) to base 3.
10
What is -4 (base 14) in base 13?
-4
What is 12 (base 16) in base 3?
200
Convert -1112 (base 3) to base 12.
-35
Convert 110 (base 2) to base 12.
6
What is -100 (base 4) in base 15?
-11
-22 (base 5) to base 16
-c
-2 (base 6) to base 12
-2
Convert a5 (base 12) to base 5.
1000
-4 (base 14) to base 2
-100
What is 1 (base 3) in base 13?
1
-333 (base 6) to base 16
-81
What is 13 (base 15) in base 9?
20
3010 (base 4) to base 12
144
Convert 330 (base 6) to base 3.
11200
130 (base 4) to base 13
22
1 (base 2) to base 3
1
2d (base 15) to base 14
31
6 (base 8) to base 12
6
What is 4 (base 13) in base 10?
4
Convert -332 (base 8) to base 15.
-e8
6 (base 15) to base 11
6
4 (base 14) to base 3
11
What is -3 (base 6) in base 10?
-3
Convert -5 (base 16) to base 13.
-5
What is 10 (base 11) in base 12?
b
What is -1 (base 11) in base 15?
-1
43 (base 9) to base 15
29
What is 21 (base 14) in base 9?
32
-2a (base 11) to base 14
-24
Convert -4 (base 7) to base 2.
-100
Convert -5 (base 15) to base 2.
-101
Convert -14 (base 5) to base 6.
-13
d (base 16) to base 8
15
1 (base 2) to base 8
1
3 (base 6) to base 14
3
What is 2 (base 10) in base 11?
2
Convert 12a (base 12) to base 6.
454
9 (base 16) to base 2
1001
What is -101 (base 2) in base 6?
-5
Convert -30 (base 13) to base 15.
-29
What is -6 (base 11) in base 10?
-6
Convert 6 (base 10) to base 15.
6
What is -4 (base 14) in base 6?
-4
Convert -102 (base 4) to base 2.
-10010
What is 255 (base 9) in base 5?
1322
What is -1 (base 3) in base 11?
-1
Convert 1202 (base 4) to base 2.
1100010
Convert 10000 (base 3) to base 5.
311
-a (base 11) to base 6
-14
Convert b (base 12) to base 10.
11
Convert 2 (base 3) to base 13.
2
Convert 423 (base 5) to base 10.
113
What is -d (base 15) in base 12?
-11
0 (base 10) to base 13
0
What is -2a (base 15) in base 3?
-1111
Convert 5 (base 10) to base 14.
5
-4 (base 14) to base 4
-10
Convert 111 (base 5) to base 9.
34
What is -a1 (base 13) in base 12?
-ab
Convert 4 (base 9) to base 13.
4
What is 111 (base 7) in base 8?
71
-3 (base 6) to base 2
-11
What is -12 (base 6) in base 4?
-20
What is -106 (base 12) in base 2?
-10010110
Convert 135 (base 10) to base 6.
343
120 (base 4) to base 2
11000
Convert 21 (base 6) to base 15.
d
What is 34 (base 6) in base 13?
19
Convert -28 (base 13) to base 16.
-22
Convert -1100 (base 2) to base 9.
-13
What is 1305 (base 6) in base 5?
2304
What is -c (base 15) in base 2?
-1100
c4 (base 15) to base 14
d2
What is 3 (base 9) in base 15?
3
What is -28 (base 9) in base 5?
-101
What is 26 (base 7) in base 9?
22
Convert -10 (base 4) to base 13.
-4
Convert 2 (base 15) to base 8.
2
Convert -41 (base 12) to base 6.
-121
What is -4 (base 6) in base 14?
-4
44 (base 10) to base 2
101100
What is 8 (base 13) in base 12?
8
Convert 1101 (base 2) to base 12.
11
Convert 57 (base 8) to base 9.
52
126 (base 9) to base 8
151
Convert 4 (base 15) to base 5.
4
Convert 0 (base 5) to base 13.
0
-101000 (base 2) to base 8
-50
Convert 16 (base 14) to base 4.
110
89 (base 15) to base 9
153
Convert -1 (base 16) to base 6.
-1
Convert -43 (base 13) to base 12.
-47
Convert 3b (base 12) to base 3.
1202
45 (base 6) to base 3
1002
1b (base 13) to base 8
30
-24 (base 5) to base 4
-32
What is -20 (base 4) in base 12?
-8
-213 (base 4) to base 9
-43
Convert -222 (base 3) to base 15.
-1b
-2 (base 7) to base 6
-2
Convert 8a (base 12) to base 11.
97
0 (base 10) to base 15
0
8 (base 15) to base 12
8
1111 (base 4) to base 11
78
What is -3a (base 13) in base 16?
-31
Convert -3 (base 5) to base 15.
-3
What is 7 (base 8) in base 13?
7
Convert 6 (base 10) to base 8.
6
b (base 14) to base 2
1011
What is 5 (base 11) in base 13?
5
What is 8 (base 11) in base 15?
8
What is 92 (base 10) in base 9?
112
What is -21 (base 5) in base 8?
-13
Convert -36 (base 9) to base 11.
-30
What is 14 (base 7) in base 6?
15
1001000 (base 2) to base 14
52
What is -3 (base 5) in base 6?
-3
35 (base 15) to base 12
42
What is 33 (base 7) in base 16?
18
Convert 8 (base 13) to base 14.
8
51 (base 7) to base 10
36
What is -10 (base 5) in base 12?
-5
What is 200 (base 7) in base 8?
142
What is -2 (base 14) in base 2?
-10
-100 (base 2) to base 11
-4
-6 (base 16) to base 2
-110
-110110 (base 2) to base 7
-105
-221 (base 4) to base 5
-131
1 (base 16) to base 14
1
10121 (base 3) to base 2
1100001
0 (base 7) to base 3
0
What is -9a (base 13) in base 7?
-241
Convert 2 (base 5) to base 14.
2
Convert -65 (base 9) to base 8.
-73
-52 (base 14) to base 6
-200
Convert 386 (base 9) to base 4.
11001
Convert -90 (base 10) to base 6.
-230
4 (base 14) to base 16
4
Convert 14 (base 5) to base 9.
10
Convert 187 (base 9) to base 8.
240
Convert -a (base 15) to base 16.
-a
What is -27 (base 9) in base 16?
-19
What is -12 (base 4) in base 14?
-6
Convert -1 (base 10) to base 8.
-1
-301 (base 7) to base 15
-9d
35 (base 10) to base 16
23
Convert -33 (base 12) to base 4.
-213
-1 (base 10) to base 9
-1
-4 (base 14) to base 3
-11
-13 (base 4) to base 10
-7
What is -10 (base 3) in base 14?
-3
What is -1 (base 11) in base 3?
-1
Convert -46 (base 10) to base 13.
-37
Convert -ba (base 12) to base 13.
-ac
What is 11 (base 5) in base 4?
12
-1 (base 15) to base 14
-1
Convert -24 (base 11) to base 5.
-101
What is 2 (base 9) in base 13?
2
Convert -20 (base 15) to base 10.
-30
What is 3 (base 9) in base 4?
3
-2 (base 14) to base 13
-2
0 (base 14) to base 4
0
Convert 5 (base 10) to base 6.
5
What is 557 (base 8) in base 16?
16f
11 (base 11) to base 2
1100
-7 (base 16) to base 7
-10
What is -1 (base 10) in base 4?
-1
What is 241 (base 5) in base 12?
5b
What is -54 (base 7) in base 10?
-39
What is 23 (base 16) in base 2?
100011
Convert -34 (base 11) to base 3.
-1101
Convert 11 (base 5) to base 15.
6
73 (base 11) to base 9
88
What is 16 (base 12) in base 2?
10010
Convert 45 (base 8) to base 13.
2b
Convert -3 (base 15) to base 10.
-3
21 (base 9) to base 14
15
4 (base 12) to base 13
4
What is 3 (base 4) in base 3?
10
Convert -12 (base 4) to base 11.
-6
100100 (base 2) to base 4
210
What is -3 (base 16) in base 8?
-3
69 (base 14) to base 16
5d
What is -26 (base 16) in base 2?
-100110
6 (base 15) to base 10
6
-a (base 14) to base 16
-a
What is -10 (base 8) in base 4?
-20
Convert -15 (base 11) to base 13.
-13
101 (base 4) to base 14
13
What is -534 (base 6) in base 2?
-11001010
-a (base 11) to base 15
-a
What is 21 (base 4) in base 12?
9
What is -13 (base 11) in base 15?
-e
0 (base 12) to base 2
0
Convert 3 (base 4) to base 16.
3
Convert 2 (base 5) to base 4.
2
54 (base 14) to base 5
244
What is -2 (base 9) in base 14?
-2
Convert 42 (base 10) to base 13.
33
Convert -7 (base 10) to base 16.
-7
Convert -12 (base 14) to base 6.
-24
36 (base 16) to base 6
130
11 (base 2) to base 6
3
15 (base 6) to base 4
23
Convert -110 (base 10) to base 7.
-215
Convert -9 (base 13) to base 9.
-10
Convert -4 (base 14) to base 15.
-4
Convert 4 (base 12) to base 2.
100
-6 (base 7) to base 14
-6
Convert -375 (base 9) to base 6.
-1235
1111 (base 2) to base 5
30
Convert -4 (base 8) to base 10.
-4
What is 1043 (base 6) in base 5?
1433
-60 (base 9) to base 14
-3c
Convert 12 (base 6) to base 4.
20
Convert -16 (base 9) to base 5.
-30
What is -1000 (base 3) in base 9?
-30
What is 44 (base 5) in base 11?
22
-101011000 (base 2) to base 14
-1a8
What is -3 (base 4) in base 11?
-3
2 (base 10) to base 14
2
Convert 1 (base 11) to base 3.
1
What is -f (base 16